{"id":1799,"date":"2026-01-19T09:29:26","date_gmt":"2026-01-19T09:29:26","guid":{"rendered":"https:\/\/crlnuevavida.es\/tallermultiple\/?page_id=1799"},"modified":"2026-01-19T10:24:14","modified_gmt":"2026-01-19T10:24:14","slug":"quienes-somos","status":"publish","type":"page","link":"https:\/\/crlnuevavida.es\/tallermultiple\/","title":{"rendered":"\u00bfQUI\u00c9NES SOMOS?"},"content":{"rendered":"<div class=\"wp-block-image\">\n<figure class=\"aligncenter size-full\"><img fetchpriority=\"high\" decoding=\"async\" width=\"920\" height=\"820\" src=\"https:\/\/crlnuevavida.es\/tallermultiple\/wp-content\/uploads\/2026\/01\/image.png\" alt=\"\" class=\"wp-image-1800\" srcset=\"https:\/\/crlnuevavida.es\/tallermultiple\/wp-content\/uploads\/2026\/01\/image.png 920w, https:\/\/crlnuevavida.es\/tallermultiple\/wp-content\/uploads\/2026\/01\/image-300x267.png 300w, https:\/\/crlnuevavida.es\/tallermultiple\/wp-content\/uploads\/2026\/01\/image-768x685.png 768w\" sizes=\"(max-width: 920px) 100vw, 920px\" \/><\/figure>\n<\/div>\n\n\n<p><\/p>\n\n\n\n<p>El Taller M\u00faltiple pertenece al Centro de Rehabilitaci\u00f3n Laboral \u00abNueva Vida\u00bb (1991-2018) y es un recurso espec\u00edfico de atenci\u00f3n social para personas con enfermedades mentales cr\u00f3nicas. Centro concertado y co-financiado por la Consejer\u00eda Pol\u00edticas Sociales y Familia y el Fondo Social Europeo; que se integran dentro de la Red p\u00fablica de Atenci\u00f3n Social a personas con enfermedad mental grave y duradera.<\/p>\n\n\n\n<p>La organizaci\u00f3n del C.R.L. y los programas y actividades que en \u00e9l se desarrollan, pretenden los siguientes objetivos:<\/p>\n\n\n\n<p>Posibilitar, mediante programas estructurados e individualizados de rehabilitaci\u00f3n que las personas con enfermedades mentales cr\u00f3nicas adquieran o recuperen los conocimientos, h\u00e1bitos y habilidades necesarias para acceder y mantenerse adecuadamente en un contexto social-laboral normalizado.<\/p>\n\n\n\n<p>Propiciar y apoyar la inserci\u00f3n laboral de estas personas en f\u00f3rmulas de empleo protegido, f\u00f3rmulas de autoempleo o en el mercado laboral ordinario.<br>Fomentar la colaboraci\u00f3n de empresarios, entidades o asociaciones en la tarea de aumentar las oportunidades de inserci\u00f3n laboral normalizada de personas con trastornos psiqui\u00e1tricos cr\u00f3nicos.<\/p>\n\n\n\n<p>Acceden al Centro aquellas personas afectadas que sean derivadas por los Centros de Salud Mental de la Comunidad Aut\u00f3noma de Madrid y que cumplan el siguiente perfil:<br>\u2022 Estar en edad laboral.<br>\u2022 Estar en situaci\u00f3n psicopatol\u00f3gica compensada.<br>\u2022 Presentar motivaci\u00f3n para el desempe\u00f1o de un trabajo.<br>\u2022 No recibir pensiones incompatibles con el desempe\u00f1o de un trabajo.<br>\u2022 Presentar un grado suficiente de autonom\u00eda personal y social.<\/p>\n","protected":false},"excerpt":{"rendered":"<p>El Taller M\u00faltiple pertenece al Centro de Rehabilitaci\u00f3n Laboral \u00abNueva Vida\u00bb (1991-2018) y es un recurso espec\u00edfico de atenci\u00f3n social para personas con enfermedades mentales cr\u00f3nicas. Centro concertado y co-financiado por la Consejer\u00eda Pol\u00edticas Sociales y Familia y el Fondo Social Europeo; que se integran dentro de la Red p\u00fablica de Atenci\u00f3n Social a personas [&hellip;]<\/p>\n","protected":false},"author":1,"featured_media":0,"parent":0,"menu_order":0,"comment_status":"closed","ping_status":"closed","template":"","meta":{"footnotes":""},"class_list":["post-1799","page","type-page","status-publish","hentry"],"_links":{"self":[{"href":"https:\/\/crlnuevavida.es\/tallermultiple\/wp-json\/wp\/v2\/pages\/1799","targetHints":{"allow":["GET"]}}],"collection":[{"href":"https:\/\/crlnuevavida.es\/tallermultiple\/wp-json\/wp\/v2\/pages"}],"about":[{"href":"https:\/\/crlnuevavida.es\/tallermultiple\/wp-json\/wp\/v2\/types\/page"}],"author":[{"embeddable":true,"href":"https:\/\/crlnuevavida.es\/tallermultiple\/wp-json\/wp\/v2\/users\/1"}],"replies":[{"embeddable":true,"href":"https:\/\/crlnuevavida.es\/tallermultiple\/wp-json\/wp\/v2\/comments?post=1799"}],"version-history":[{"count":3,"href":"https:\/\/crlnuevavida.es\/tallermultiple\/wp-json\/wp\/v2\/pages\/1799\/revisions"}],"predecessor-version":[{"id":1805,"href":"https:\/\/crlnuevavida.es\/tallermultiple\/wp-json\/wp\/v2\/pages\/1799\/revisions\/1805"}],"wp:attachment":[{"href":"https:\/\/crlnuevavida.es\/tallermultiple\/wp-json\/wp\/v2\/media?parent=1799"}],"curies":[{"name":"wp","href":"https:\/\/api.w.org\/{rel}","templated":true}]}}