{"id":1087,"date":"2019-11-26T10:21:12","date_gmt":"2019-11-26T10:21:12","guid":{"rendered":"http:\/\/crlnuevavida.es\/tallermultiple\/?page_id=1087"},"modified":"2019-12-02T12:10:25","modified_gmt":"2019-12-02T12:10:25","slug":"sobre-empleo-es-importante-saber","status":"publish","type":"page","link":"https:\/\/crlnuevavida.es\/tallermultiple\/sobre-empleo-es-importante-saber\/","title":{"rendered":"Sobre Empleo es importante saber&#8230;."},"content":{"rendered":"\n<h2 class=\"wp-block-heading\"> <br> Regina Hartley. Por Qu\u00e9 el mejor no siempre tiene un curr\u00edculo perfecto <\/h2>\n\n\n\n<p> Ante la posibilidad de elegir entre un candidato con un curr\u00edculo perfecto y uno que ha luchado con dificultades, la ejecutiva de recursos humanos Regina Hartley siempre le da una oportunidad al segundo aspirante. Como alguien   que   creci\u00f3   en   la   adversidad,   Hertley   sabe   que   aquellos   que prosperan en las situaciones m\u00e1s oscuras est\u00e1n dotados de la fuerza para perseverar   en   un   entorno   de   trabajo   e     constante   cambio.   Elijan   al candidato   subestimado,   cuyas   armas   secretas   son   la   pasi\u00f3n   y   la determinaci\u00f3n, dice. \u201cContraten al luchador\u201d.<br><\/p>\n\n\n\n<figure><iframe src=\"https:\/\/embed.ted.com\/talks\/lang\/es\/regina_hartley_why_the_best_hire_might_not_have_the_perfect_resume\" width=\"550\" height=\"350\" allowfullscreen=\"\"><\/iframe><\/figure>\n\n\n\n<p style=\"text-align:center\" class=\"has-large-font-size\"> SHAWN ACHOR: el feliz secreto para trabajar mejor <\/p>\n\n\n\n<p>Video motivacional que nos descubre como la psicolog\u00eda positiva y la lente  con la que vemos el mundo transforma nuestra realidad. Lo que propone  con la psicolog\u00eda positiva es elevar el promedio de las empresas y de las  escuelas de todo el mundo. <\/p>\n\n\n\n<figure><iframe src=\"https:\/\/embed.ted.com\/talks\/lang\/es\/shawn_achor_the_happy_secret_to_better_work\" width=\"550\" height=\"350\" allowfullscreen=\"\"><\/iframe><\/figure>\n\n\n\n<p><\/p>\n\n\n\n<p><\/p>\n","protected":false},"excerpt":{"rendered":"<p>Regina Hartley. Por Qu\u00e9 el mejor no siempre tiene un curr\u00edculo perfecto Ante la posibilidad de elegir entre un candidato con un curr\u00edculo perfecto y uno que ha luchado con dificultades, la ejecutiva de recursos humanos Regina Hartley siempre le da una oportunidad al segundo aspirante. Como alguien que creci\u00f3 en la adversidad, Hertley sabe [&hellip;]<\/p>\n","protected":false},"author":1,"featured_media":0,"parent":0,"menu_order":0,"comment_status":"closed","ping_status":"closed","template":"","meta":{"footnotes":""},"class_list":["post-1087","page","type-page","status-publish","hentry"],"_links":{"self":[{"href":"https:\/\/crlnuevavida.es\/tallermultiple\/wp-json\/wp\/v2\/pages\/1087","targetHints":{"allow":["GET"]}}],"collection":[{"href":"https:\/\/crlnuevavida.es\/tallermultiple\/wp-json\/wp\/v2\/pages"}],"about":[{"href":"https:\/\/crlnuevavida.es\/tallermultiple\/wp-json\/wp\/v2\/types\/page"}],"author":[{"embeddable":true,"href":"https:\/\/crlnuevavida.es\/tallermultiple\/wp-json\/wp\/v2\/users\/1"}],"replies":[{"embeddable":true,"href":"https:\/\/crlnuevavida.es\/tallermultiple\/wp-json\/wp\/v2\/comments?post=1087"}],"version-history":[{"count":4,"href":"https:\/\/crlnuevavida.es\/tallermultiple\/wp-json\/wp\/v2\/pages\/1087\/revisions"}],"predecessor-version":[{"id":1107,"href":"https:\/\/crlnuevavida.es\/tallermultiple\/wp-json\/wp\/v2\/pages\/1087\/revisions\/1107"}],"wp:attachment":[{"href":"https:\/\/crlnuevavida.es\/tallermultiple\/wp-json\/wp\/v2\/media?parent=1087"}],"curies":[{"name":"wp","href":"https:\/\/api.w.org\/{rel}","templated":true}]}}